 -l**2 - 28*l - 93. Determine m(-19).
78
Let j(x) = -x**2 + 576*x - 5629. Determine j(10).
31
Let w(u) = -u**3 - 193*u**2 - 5653*u - 156. Determine w(-157).
1
Let d(f) = -49*f + 4. Give d(-5).
249
Let m(k) = 32*k**3 + 2*k**2 + 19*k - 21. Determine m(1).
32
Let k(j) = 59*j**2 - 73*j + 145. Determine k(2).
235
Let s(v) = 13*v + 204. Give s(-15).
9
Let y(n) = -22*n + 497. Calculate y(20).
57
Let y(h) = -h**2 + 44*h - 391. Calculate y(12).
-7
Let m(u) = -11*u**2 + 55*u + 62. What is m(6)?
-4
Let o(a) = -4*a - 55. Give o(-16).
9
Let f(w) = -90*w**2 - 13*w + 30. What is f(2)?
-356
Let p(t) = t**3 - 58*t**2 + 532*t - 20. Give p(12).
-260
Let x(o) = 354*o - 23006. Calculate x(65).
4
Let k(f) = 165*f - 977. Give k(6).
13
Let d(t) = 24*t + 297. Determine d(-11).
33
Let s(p) = 5*p**3 + 13*p**2 + 16*p + 12. Determine s(-2).
-8
Let q(p) = p**3 - 12*p**2 + 51*p - 829. Give q(13).
3
Let g(i) = 213*i + 31970. Calculate g(-150).
20
Let s(p) = -p**3 - 5*p**2 + 3*p - 37. What is s(-6)?
-19
Let t(v) = -v**3 + 26*v**2 + 26*v + 14. Determine t(27).
-13
Let h(q) = q**3 + 242*q**2 + 6366*q + 1280. Determine h(-212).
8
Let b(i) = -168*i - 34. Calculate b(-3).
470
Let v(i) = -22*i + 52. Calculate v(6).
-80
Let u(o) = 4*o**2 + 34*o + 2. Determine u(-1).
-28
Let s(i) = 203*i - 110. Calculate s(0).
-110
Let p(s) = 152*s**2 - 4*s + 3. Give p(1).
151
Let u(p) = 64*p - 42. Give u(0).
-42
Let k(p) = -p**2 - 86*p - 1373. What is k(-65)?
-8
Let k(b) = -b**2 - 43*b - 272. What is k(-7)?
-20
Let n(t) = 4*t**3 + 13*t**2 - 246*t - 718. Calculate n(-3).
29
Let z(x) = x**3 - 60*x**2 - 57*x + 257. What is z(61)?
501
Let t(p) = 28*p + 127. Calculate t(-4).
15
Let f(m) = -843*m + 42162. Give f(50).
12
Let v(o) = -164*o + 1973. Give v(12).
5
Let q(d) = 116*d - 5716. What is q(49)?
-32
Let i(d) = d**3 - 15*d**2 + 38*d + 59. Calculate i(11).
-7
Let i(w) = -414*w + 43474. Determine i(105).
4
Let k(p) = -350*p - 1055. What is k(-3)?
-5
Let m(q) = 487*q - 2937. What is m(6)?
-15
Let s(h) = 139*h + 1954. Determine s(-14).
8
Let a(v) = 90*v**3 + 4*v - 2. What is a(2)?
726
Let h(q) = 33*q - 776. Calculate h(24).
16
Let x(c) = 235*c + 75. What is x(-2)?
-395
Let d(a) = -8*a + 821. What is d(112)?
-75
Let n(s) = s**3 - 42*s**2 + 190*s - 199. Give n(37).
-14
Let b(h) = -5*h**2 + 655*h - 6607. Calculate b(120).
-7
Let n(g) = -127*g + 787. What is n(6)?
25
Let y(w) = 2*w**3 + 56*w**2 - 10*w - 276. Calculate y(-28).
4
Let x(r) = 63*r - 63. What is x(4)?
189
Let j(k) = -29*k + 282. Calculate j(8).
50
Let m(c) = -249*c + 6723. What is m(27)?
0
Let p(v) = -v**2 - 40*v + 5073. Determine p(-94).
-3
Let r(i) = 8*i**3 + 112*i**2 + 7. Give r(-14).
7
Let n(t) = -t**3 - 19*t**2 + 2*t - 18. Calculate n(0).
-18
Let w(v) = -2*v**2 + 33*v - 110. Determine w(4).
-10
Let b(a) = 4*a**2 + 62*a + 74. Give b(-10).
-146
Let x(b) = -8*b + 30. What is x(29)?
-202
Let c(b) = -b**3 - b**2 + 246*b - 3. Calculate c(0).
-3
Let d(b) = -b**2 + 51*b - 444. Calculate d(40).
-4
Let z(x) = 5*x**3 + 10*x**2 - 6*x + 3. Determine z(-3).
-24
Let c(n) = -n**2 + 15*n + 102. Calculate c(-7).
-52
Let y(f) = 4*f**3 + 29*f**2 + 10*f - 129. Give y(-6).
-9
Let b(g) = -g**3 - g**2 + 7*g - 259. What is b(0)?
-259
Let d(u) = -2*u**2 - 49*u + 523. What is d(10)?
-167
Let k(u) = -u**2 + 24*u - 55. Calculate k(18).
53
Let s(p) = p**3 + 21*p**2 - p - 19. Give s(-21).
2
Let i(x) = -20*x**2 - 73*x - 58. Calculate i(-3).
-19
Let p(i) = -3*i**3 - 32*i**2 + 10*i - 23. Determine p(-11).
-12
Let g(a) = -45*a - 245. Calculate g(-6).
25
Let q(x) = -x**2 + 325*x - 1880. Give q(6).
34
Let n(p) = 1019*p + 6123. What is n(-6)?
9
Let k(r) = -r**2 + 17*r + 103. Determine k(19).
65
Let m(w) = -w**3 - 7*w**2 - 32*w - 9. What is m(-6)?
147
Let s(h) = h**2 - 30*h - 7. Calculate s(3).
-88
Let k(z) = 104*z - 509. Calculate k(5).
11
Let r(z) = -2*z - 4. Give r(-1).
-2
Let p(i) = i**3 - 7*i**2 + 29*i - 11. Calculate p(4).
57
Let i(g) = -26*g**2 + 8. Determine i(-3).
-226
Let h(m) = -2*m**2 - 152*m - 1322. Determine h(-10).
-2
Let c(h) = 150*h + 210. Determine c(-4).
-390
Let g(a) = -70*a + 516. Give g(8).
-44
Let u(d) = -340*d + 2792. Give u(8).
72
Let y(x) = -x**2 - 35*x - 197. Calculate y(-21).
97
Let h(f) = f**2 - 315*f + 12607. Give h(47).
11
Let r(i) = 5*i**2 - 69*i - 17. Determine r(14).
-3
Let o(s) = -s**2 + s + 256. Give o(0).
256
Let c(f) = -37*f - 3154. Calculate c(-85).
-9
Let d(u) = 196*u - 4755. Calculate d(22).
-443
Let g(v) = -19*v**2 + 264*v + 32. Give g(14).
4
Let g(t) = 71*t**2 + 2271*t - 9. Give g(-32).
23
Let y(f) = -30*f - 2662. Calculate y(-88).
-22
Let d(t) = t**3 - 6*t**2 - 3*t + 7. Calculate d(3).
-29
Let k(t) = 4*t**3 - 16*t**2 - 10*t + 9. Give k(4).
-31
Let g(o) = -5*o**2 - 23*o + 143. What is g(-14)?
-515
Let f(z) = -16*z - 634. Determine f(-40).
6
Let p(i) = -i**3 - 4*i**2 + 6*i - 3. Calculate p(-5).
-8
Let x(b) = b**2 + 4*b - 23. What is x(-18)?
229
Let t(y) = y**3 + 8*y**2 - 2*y - 30. What is t(-7)?
33
Let v(q) = -110*q - 12766. What is v(-116)?
-6
Let n(d) = -125*d + 2214. Give n(18).
-36
Let z(x) = -2*x**2 + 64*x + 187. Give z(33).
121
Let t(b) = -33*b - 260. Determine t(-7).
-29
Let g(r) = 7*r**2 - 42*r + 118. Determine g(8).
230
Let y(g) = -2*g**2 - 247*g - 4919. What is y(-25)?
6
Let o(z) = 160*z + 4324. Calculate o(-27).
4
Let i(o) = 8*o**2 - 2552*o + 12561. Determine i(5).
1
Let r(g) = -g - 31. What is r(-32)?
1
Let k(c) = 7*c**2 - 14*c + 14. Determine k(3).
35
Let c(x) = -2*x**3 - 31*x**2 - 15*x + 44. What is c(-15)?
44
Let t(z) = 28*z - 2592. Calculate t(91).
-44
Let h(b) = -273*b - 6780. Give h(-25).
45
Let q(n) = 5*n**2 + 12*n + 64. What is q(-6)?
172
Let n(i) = -20*i + 398. Determine n(6).
278
Let n(l) = -13*l**2 - 153*l + 52. Determine n(-12).
16
Let s(l) = -l**3 + 23*l**2 + 43*l + 123. Give s(25).
-52
Let h(f) = 10*f - 8. Determine h(12).
112
Let f(v) = 1272*v - 104285. What is f(82)?
19
Let n(t) = -t**3 + 16*t**2 - 60*t + 31. What is n(5)?
6
Let j(m) = -2*m**3 + 14*m**2 + 8*m - 55. Give j(8).
-119
Let b(j) = 6*j + 814. Give b(-163).
-164
Let t(y) = 36*y + 1220. Give t(-32).
68
Let q(v) = 14*v**2 - 14*v + 7. Give q(-5).
427
Let k(i) = 2*i**3 + 13*i**2 + 47*i + 2146. Calculate k(-12).
-2
Let f(v) = 17*v**2 + 217*v + 586. Determine f(-8).
-62
Let c(l) = l**2 - 4*l - 37. Determine c(-13).
184
Let v(h) = h**3 + 46*h**2 + 45*h + 9. Calculate v(-45).
9
Let l(z) = -33*z**3 - 14*z**2 + 28*z + 5. Determine l(2).
-259
Let v(g) = -g**3 + 12*g**2 + 106*g - 1278. What is v(10)?
-18
Let h(x) = 278*x - 2499. What is h(9)?
3
Let g(j) = -j**3 - 15*j - 30. Give g(-2).
8
Let s(u) = -u**3 - 70*u**2 + 70*u - 100. What is s(-71)?
-29
Let g(m) = -m**3 - 9*m**2 - 50*m - 176. Give g(-7).
76
Let y(h) = 15*h**2 + 481*h + 556. Calculate y(-31).
60
Let t(g) = 167*g + 32. Calculate t(-1).
-135
Let l(x) = 6*x**3 + 32*x**2 - x - 50. What is l(-4)?
82
Let k(x) = x**2 - 6750*x + 40468. Give k(6).
4
Let b(y) = -138*y + 400. Calculate b(2).
124
Let c(q) = 144*q**2 - 5*q - 8. Determine c(-1).
141
Let f(n) = 90*n**2 - 6903*n - 2073. Give f(77).
6
Let b(i) = i**2 - 12*i + 104. What is b(6)?
68
Let g(d) = -d**2 - 32*d - 35. Calculate g(-21).
196
Let q(y) = -2*y**2 + 18*y - 7. Give q(8).
9
Let f(t) = 9*t**2 - 298*t - 603. Calculate f(35).
-8
Let w(v) = -3*v**3 + 490*v**2 - 2829*v - 12. What is w(6)?
6
Let d(q) = -2*q**3 - 27*q**2 - 68*q + 44. What is d(-12)?
428
Let m(b) = -58*b - 1050. What is m(-18)?
-6
Let o(g) = -4*g**3 + 28*g**2 - 22*g - 5. What is o(6)?
7
Let r(k) = -73*k + 3375. Calculate r(48).
-129
Let r(s) = 26149*s - 209188. Calculate r(8).
4
Let t(q) = -113*q - 1921. What is t(-17)?
0
Let q(y) = 11*y**3 + 2*y**2 + 52*y + 51. Give q(-1).
-10
Let v(r) = -r**2 + 1607*r - 9608. Calculate v(6).
-2
Let b(m) = m**3 - 3*m**2 + 5*m + 418. What is b(0)?
418
Let h(p) = p**2 + 9*p - 60. Calculate h(-19).
130
Let p(j) = -j**3 - 24*j**2 + 22*j - 17. What is p(-25)?
58
Let f(a) = 397*a - 3568. Determine f(9).
5
Let q(y) = -12*y**2 + 692*y - 470. Calculate q(57).
-14
Let u(h) = -3*h - 35. Give u(-10).
-5
Let z(k) = -6*k**3 + 30*k**2 - 52*k - 24. Give z(2).
-56
Let n(m) = -433*m + 9521. Calculate n(22).
-5
Let s(q) = -q**3 + 26*q**2 - 50*q + 49. Calculate s(24).
1
Let y(u) = u**2 - 92*u - 470. What is y(-5)?
15
Let p(r) = -1360*r + 4077. Determine p(3).
-3
Let h(r) = 4*r*